{"id":10,"date":"2022-03-24T11:43:06","date_gmt":"2022-03-24T10:43:06","guid":{"rendered":"https:\/\/energy-of-light.ch.univers.ch-meta.net\/?page_id=10"},"modified":"2023-11-08T19:52:31","modified_gmt":"2023-11-08T18:52:31","slug":"entgiftung","status":"publish","type":"page","link":"https:\/\/energy-of-light.ch\/?page_id=10","title":{"rendered":"ENTGIFTUNG"},"content":{"rendered":"\t\t<div data-elementor-type=\"wp-post\" data-elementor-id=\"10\" class=\"elementor elementor-10\">\n\t\t\t\t\t\t\t\t\t<section class=\"elementor-section elementor-top-section elementor-element elementor-element-bb214f8 elementor-section-boxed elementor-section-height-default elementor-section-height-default\" data-id=\"bb214f8\" data-element_type=\"section\">\n\t\t\t\t\t\t<div class=\"elementor-container elementor-column-gap-default\">\n\t\t\t\t\t<div class=\"elementor-column elementor-col-100 elementor-top-column elementor-element elementor-element-62f2184\" data-id=\"62f2184\" data-element_type=\"column\">\n\t\t\t<div class=\"elementor-widget-wrap\">\n\t\t\t\t\t\t\t\t\t<\/div>\n\t\t<\/div>\n\t\t\t\t\t\t\t<\/div>\n\t\t<\/section>\n\t\t\t\t<section class=\"elementor-section elementor-top-section elementor-element elementor-element-33f8edf elementor-section-boxed elementor-section-height-default elementor-section-height-default\" data-id=\"33f8edf\" data-element_type=\"section\">\n\t\t\t\t\t\t<div class=\"elementor-container elementor-column-gap-default\">\n\t\t\t\t\t<div class=\"elementor-column elementor-col-100 elementor-top-column elementor-element elementor-element-0997a5c\" data-id=\"0997a5c\" data-element_type=\"column\">\n\t\t\t<div class=\"elementor-widget-wrap elementor-element-populated\">\n\t\t\t\t\t\t\t\t<div class=\"elementor-element elementor-element-b5472f1 elementor-widget elementor-widget-spacer\" data-id=\"b5472f1\" data-element_type=\"widget\" data-widget_type=\"spacer.default\">\n\t\t\t\t<div class=\"elementor-widget-container\">\n\t\t\t<style>\/*! elementor - v3.17.0 - 08-11-2023 *\/\n.elementor-column .elementor-spacer-inner{height:var(--spacer-size)}.e-con{--container-widget-width:100%}.e-con-inner>.elementor-widget-spacer,.e-con>.elementor-widget-spacer{width:var(--container-widget-width,var(--spacer-size));--align-self:var(--container-widget-align-self,initial);--flex-shrink:0}.e-con-inner>.elementor-widget-spacer>.elementor-widget-container,.e-con>.elementor-widget-spacer>.elementor-widget-container{height:100%;width:100%}.e-con-inner>.elementor-widget-spacer>.elementor-widget-container>.elementor-spacer,.e-con>.elementor-widget-spacer>.elementor-widget-container>.elementor-spacer{height:100%}.e-con-inner>.elementor-widget-spacer>.elementor-widget-container>.elementor-spacer>.elementor-spacer-inner,.e-con>.elementor-widget-spacer>.elementor-widget-container>.elementor-spacer>.elementor-spacer-inner{height:var(--container-widget-height,var(--spacer-size))}.e-con-inner>.elementor-widget-spacer.elementor-widget-empty,.e-con>.elementor-widget-spacer.elementor-widget-empty{position:relative;min-height:22px;min-width:22px}.e-con-inner>.elementor-widget-spacer.elementor-widget-empty .elementor-widget-empty-icon,.e-con>.elementor-widget-spacer.elementor-widget-empty .elementor-widget-empty-icon{position:absolute;top:0;bottom:0;left:0;right:0;margin:auto;padding:0;width:22px;height:22px}<\/style>\t\t<div class=\"elementor-spacer\">\n\t\t\t<div class=\"elementor-spacer-inner\"><\/div>\n\t\t<\/div>\n\t\t\t\t<\/div>\n\t\t\t\t<\/div>\n\t\t\t\t\t<\/div>\n\t\t<\/div>\n\t\t\t\t\t\t\t<\/div>\n\t\t<\/section>\n\t\t\t\t<section class=\"elementor-section elementor-top-section elementor-element elementor-element-69191c7 elementor-section-boxed elementor-section-height-default elementor-section-height-default\" data-id=\"69191c7\" data-element_type=\"section\">\n\t\t\t\t\t\t<div class=\"elementor-container elementor-column-gap-default\">\n\t\t\t\t\t<div class=\"elementor-column elementor-col-100 elementor-top-column elementor-element elementor-element-b8ad173\" data-id=\"b8ad173\" data-element_type=\"column\">\n\t\t\t<div class=\"elementor-widget-wrap elementor-element-populated\">\n\t\t\t\t\t\t\t\t<div class=\"elementor-element elementor-element-9939f69 elementor-widget elementor-widget-text-editor\" data-id=\"9939f69\" data-element_type=\"widget\" data-widget_type=\"text-editor.default\">\n\t\t\t\t<div class=\"elementor-widget-container\">\n\t\t\t<style>\/*! elementor - v3.17.0 - 08-11-2023 *\/\n.elementor-widget-text-editor.elementor-drop-cap-view-stacked .elementor-drop-cap{background-color:#69727d;color:#fff}.elementor-widget-text-editor.elementor-drop-cap-view-framed .elementor-drop-cap{color:#69727d;border:3px solid;background-color:transparent}.elementor-widget-text-editor:not(.elementor-drop-cap-view-default) .elementor-drop-cap{margin-top:8px}.elementor-widget-text-editor:not(.elementor-drop-cap-view-default) .elementor-drop-cap-letter{width:1em;height:1em}.elementor-widget-text-editor .elementor-drop-cap{float:left;text-align:center;line-height:1;font-size:50px}.elementor-widget-text-editor .elementor-drop-cap-letter{display:inline-block}<\/style>\t\t\t\t<p><b>K\u00f6rperliche Entgiftung<\/b><\/p>\t\t\t\t\t\t<\/div>\n\t\t\t\t<\/div>\n\t\t\t\t\t<\/div>\n\t\t<\/div>\n\t\t\t\t\t\t\t<\/div>\n\t\t<\/section>\n\t\t\t\t<section class=\"elementor-section elementor-top-section elementor-element elementor-element-853459a elementor-section-boxed elementor-section-height-default elementor-section-height-default\" data-id=\"853459a\" data-element_type=\"section\">\n\t\t\t\t\t\t<div class=\"elementor-container elementor-column-gap-default\">\n\t\t\t\t\t<div class=\"elementor-column elementor-col-100 elementor-top-column elementor-element elementor-element-edefed0\" data-id=\"edefed0\" data-element_type=\"column\">\n\t\t\t<div class=\"elementor-widget-wrap\">\n\t\t\t\t\t\t\t\t\t<\/div>\n\t\t<\/div>\n\t\t\t\t\t\t\t<\/div>\n\t\t<\/section>\n\t\t\t\t<section class=\"elementor-section elementor-top-section elementor-element elementor-element-6749479 elementor-section-boxed elementor-section-height-default elementor-section-height-default\" data-id=\"6749479\" data-element_type=\"section\">\n\t\t\t\t\t\t<div class=\"elementor-container elementor-column-gap-default\">\n\t\t\t\t\t<div class=\"elementor-column elementor-col-100 elementor-top-column elementor-element elementor-element-9904868\" data-id=\"9904868\" data-element_type=\"column\">\n\t\t\t<div class=\"elementor-widget-wrap elementor-element-populated\">\n\t\t\t\t\t\t\t\t<div class=\"elementor-element elementor-element-ebae6b0 elementor-align-center elementor-widget elementor-widget-button\" data-id=\"ebae6b0\" data-element_type=\"widget\" data-widget_type=\"button.default\">\n\t\t\t\t<div class=\"elementor-widget-container\">\n\t\t\t\t\t<div class=\"elementor-button-wrapper\">\n\t\t\t<a class=\"elementor-button elementor-button-link elementor-size-sm elementor-animation-grow\" href=\"https:\/\/therootbrands.com\/claudia-8640\" target=\"_blank\">\n\t\t\t\t\t\t<span class=\"elementor-button-content-wrapper\">\n\t\t\t\t\t\t<span class=\"elementor-button-text\">ROOT WEBSEITE<\/span>\n\t\t<\/span>\n\t\t\t\t\t<\/a>\n\t\t<\/div>\n\t\t\t\t<\/div>\n\t\t\t\t<\/div>\n\t\t\t\t<div class=\"elementor-element elementor-element-f9ccab2 elementor-invisible elementor-widget elementor-widget-image\" data-id=\"f9ccab2\" data-element_type=\"widget\" data-settings=\"{&quot;_animation&quot;:&quot;zoomIn&quot;}\" data-widget_type=\"image.default\">\n\t\t\t\t<div class=\"elementor-widget-container\">\n\t\t\t<style>\/*! elementor - v3.17.0 - 08-11-2023 *\/\n.elementor-widget-image{text-align:center}.elementor-widget-image a{display:inline-block}.elementor-widget-image a img[src$=\".svg\"]{width:48px}.elementor-widget-image img{vertical-align:middle;display:inline-block}<\/style>\t\t\t\t\t\t\t\t\t\t\t\t<img loading=\"lazy\" decoding=\"async\" width=\"768\" height=\"768\" src=\"https:\/\/energy-of-light.ch\/wp-content\/uploads\/2023\/11\/clean_slate_01.png\" class=\"attachment-large size-large wp-image-943\" alt=\"\" srcset=\"https:\/\/energy-of-light.ch\/wp-content\/uploads\/2023\/11\/clean_slate_01.png 768w, https:\/\/energy-of-light.ch\/wp-content\/uploads\/2023\/11\/clean_slate_01-300x300.png 300w, https:\/\/energy-of-light.ch\/wp-content\/uploads\/2023\/11\/clean_slate_01-150x150.png 150w\" sizes=\"auto, (max-width: 768px) 100vw, 768px\" \/>\t\t\t\t\t\t\t\t\t\t\t\t\t\t\t<\/div>\n\t\t\t\t<\/div>\n\t\t\t\t\t<\/div>\n\t\t<\/div>\n\t\t\t\t\t\t\t<\/div>\n\t\t<\/section>\n\t\t\t\t<section class=\"elementor-section elementor-top-section elementor-element elementor-element-bb62847 elementor-section-boxed elementor-section-height-default elementor-section-height-default\" data-id=\"bb62847\" data-element_type=\"section\">\n\t\t\t\t\t\t<div class=\"elementor-container elementor-column-gap-default\">\n\t\t\t\t\t<div class=\"elementor-column elementor-col-100 elementor-top-column elementor-element elementor-element-fa2d3f2\" data-id=\"fa2d3f2\" data-element_type=\"column\">\n\t\t\t<div class=\"elementor-widget-wrap elementor-element-populated\">\n\t\t\t\t\t\t\t\t<div class=\"elementor-element elementor-element-2a9c1c8 elementor-widget elementor-widget-text-editor\" data-id=\"2a9c1c8\" data-element_type=\"widget\" data-widget_type=\"text-editor.default\">\n\t\t\t\t<div class=\"elementor-widget-container\">\n\t\t\t\t\t\t\t<p>Die Zusammensetzung ist wirksam, um Tumorsuppressorgene in abnormalen Zellen zu regulieren.<\/p><p>Die wasserl\u00f6slichen hydrolysierten Klinoptilolith-Fragmente k\u00f6nnen mit einem Ion komplexiert werden.<br \/>Das Ion kann ein Metall enthalten.<br \/>Das Metall kann ein Mitglied umfassen, das aus der Gruppe ausgew\u00e4hlt ist, die aus Natrium, Magnesium, Eisen, Kobalt, Kupfer, Zink, Mangan, Molybd\u00e4n, Selen und Kombinationen davon besteht.<br \/>Die Zusammensetzung kann ferner Vitamin C enthalten.<br \/>Die Zusammensetzung kann einen pH-Wert von 3,5\u20136,0 \u00b1 0,5, Feststoffe von 5\u201310 \u00b1 1\u20135 mg\/ml, wasserl\u00f6sliche hydrolysierte Clinoptilolith-Fragmente von 0,1\u20131 mg\/ml und Vitamin C von 1\u201310 mg\/ml umfassen.<br \/>Die Zusammensetzung kann ferner ein Schlafmittel oder CBT-Isolate enthalten.<br \/>Das Schlafmittel kann ein Mitglied umfassen, ausgew\u00e4hlt aus der Gruppe, bestehend aus L-Tryptophan, L-Theanin, Kamille, Zitronenmelisse, CBD, Passionsblume, Hopfen, Baldrian und Kombinationen davon.<br \/>Die Zusammensetzung kann einen pH-Wert von 4,0\u20135,0 \u00b1 1,0, Feststoffe von 40\u201350 \u00b1 1\u201310 mg\/ml, wasserl\u00f6sliche hydrolysierte Clinoptilolith-Fragmente von 2\u20135\u20131\u201310 mg\/ml, Vitamin-C von 1\u201310 umfassen mg\/ml, L-Tryptophan mit 1\u201310 mg\/ml und eine Kombination aus L-Theanin, Kamille, Zitronenmelisse, Passionsblume, Hopfen, Baldrian mit 10\u2013100 mg\/ml.<br \/>Die Zusammensetzung kann ferner Vitamin E enthalten<br \/>Die Zusammensetzung kann ferner Vitamin B 6 enthalten .<br \/>Die wasserl\u00f6slichen hydrolysierten Clinoptilolith-Fragmente k\u00f6nnen durch ein Verfahren hergestellt werden, das das Hydrolysieren von Clinoptilolith mit einer S\u00e4ure und das Trennen des hydrolysierten Clinoptiloliths in einen fl\u00fcssigen Anteil und einen festen Anteil umfasst. Der fl\u00fcssige Teil kann die wasserl\u00f6slichen hydrolysierten Klinoptilolith-Fragmente umfassen.<br \/>Die S\u00e4ure kann Phosphors\u00e4ure umfassen.<br \/>Das Hydrolysieren kann Erhitzen des Clinoptiloliths und der S\u00e4ure, R\u00fchren des Clinoptiloliths und der S\u00e4ure und Erhitzen und R\u00fchren des Clinoptiloliths und der S\u00e4ure umfassen.<br \/>Die Zusammensetzung kann ferner Pyrrolochinolinchinon (PQQ) enthalten.<br \/>Die Zusammensetzung kann ferner Alpha-Lipons\u00e4ure enthalten.<br \/>Die Zusammensetzung kann Resveratrol enthalten.<\/p><p>ZUSAMMENFASSUNG DER ERFINDUNG<br \/>In \u00dcbereinstimmung mit der vorliegenden Offenbarung ist die vorliegende Erfindung eine wasserl\u00f6sliche elektrolysierte und\/oder hydrolysierte Klinoptilolith-Formulierung, die die oral verabreichte und im Gastrointestinal(GI)-Trakt oder in der Umgebung absorbierte umfassen kann, wobei dies jedoch nicht darauf beschr\u00e4nkt ist absorbiertes wasserl\u00f6sliches Klinoptilolith beh\u00e4lt die F\u00e4higkeit, verschiedene Schwermetalle, potenzielle Viren und Toxine zu binden. Die vorliegende Technologie umfasst Zusammensetzungen und Verfahren, die sich auf die Bildung und Verwendung eines wasserl\u00f6slichen und bioverf\u00fcgbaren Klinoptiloliths unter Verwendung verschiedener Formen der Elektrolyse beziehen, wodurch ein Produkt hergestellt wird, das als Erg\u00e4nzung im Rahmen der zellul\u00e4ren Entgiftung verwendet werden soll. Wasserl\u00f6sliche Klinoptilolith-Fragmente k\u00f6nnen in die Umwelt und den Magen-Darm-Trakt aufgenommen werden und k\u00f6nnen allein oder in Kombination mit verschiedenen Bestandteilen von Mineralien und Vitaminen als Nahrungserg\u00e4nzungsmittel verwendet werden. Zusammensetzungen umfassen wasserl\u00f6sliche Elektrolyse-Klinoptilolith-Fragmente und wasserl\u00f6sliche hydrolysierte Klinoptilolith-Fragmente mit und ohne Elektrolyse und\/oder Nahrungserg\u00e4nzungsmittel, wie Vitamine, Mineralien, Ballaststoffe, Fetts\u00e4uren, Aminos\u00e4uren, Kr\u00e4uter, Kr\u00e4uterextrakte und Kombinationen davon . In bestimmten Ausf\u00fchrungsformen werden wasserl\u00f6sliche hydrolysierte Klinoptilolith-Fragmente mit Vitamin C, Vitamin E, Vitamin C und Vitamin D kombiniert. In bestimmten Ausf\u00fchrungsformen werden wasserl\u00f6sliche Klinoptilolith-Fragmente mit einem Schlafmittel wie L-Tryptophan kombiniert. L-Theanin, Kamille, Zitronenmelisse, Passionsblume, Hopfen, Baldrian und Kombinationen davon\u2026.<\/p><p>Die Zusammensetzung kann wirksam sein, um ein Toxin zu absorbieren, ausgew\u00e4hlt aus der Gruppe bestehend aus Quecksilber, Cadmium, Arsen, Blei, Aluminium, C\u00e4sium, Strontium, Uran, Zinn, Kupfer, Gadolinium, Thallium, Thorium, Antimon, Eisen, Platin, Chrom, Barium B. Beryllium, Methan, Treibhausgase, Stickstoff, Ammonium, Aflatoxin, Melamin, Nitrosamine und Kombinationen davon.<br \/>Die Zusammensetzung kann in Form eines fl\u00fcssigen Zustands verwendet werden.<br \/>Die fl\u00fcssige Form kann in Form eines Aerosols vorliegen.<br \/>Die Zusammensetzung kann geeignet sein, Umweltprojekte zu sanieren, die aus der Gruppe ausgew\u00e4hlt sind, die aus Luft, Stratosph\u00e4re, Erde, Sand und Gew\u00e4ssern besteht.<br \/>Das Gew\u00e4sser kann aus der Gruppe bestehend aus Seen, Fl\u00fcssen, Teichen, B\u00e4chen, Ozeanen, Meeren, T\u00fcmpeln, kommunalen Wasserversorgungen und Grundwasserleitern ausgew\u00e4hlt werden.<br \/>Die Zusammensetzung kann betreibbar sein, um abgereichertes Uran zu adsorbieren und zu sanieren.<br \/>Die Zusammensetzung kann betriebsf\u00e4hig sein, sechswertiges Chrom zu adsorbieren und zu sanieren.<br \/>Die Zusammensetzung kann wirksam sein, um Lyme-Biofilme oder Biotoxine zu adsorbieren und zu beseitigen.<br \/>Die wasserl\u00f6slichen Clinoptilolith-Fragmente k\u00f6nnen wasserl\u00f6sliche hydrolysierte und elektrolysierte Clinoptilolith-Fragmente umfassen.<br \/>Im Allgemeinen weist die Erfindung in einem anderen Aspekt ein Verfahren auf, das den<\/p><p>Schritt des Ausw\u00e4hlens einer Zusammensetzung umfasst, die wasserl\u00f6sliche Klinoptilolith-Fragmente enth\u00e4lt. Das Verfahren umfasst ferner den Schritt des Entgiftens einer Umgebung unter Verwendung der Zusammensetzung\u2026.<\/p><p>Die Zusammensetzung kann ferner ein Nahrungserg\u00e4nzungsmittel umfassen. Diese Nahrungserg\u00e4nzungsmittel k\u00f6nnen die Fettmasse aufgrund des Apotosi-Gewebes reduzieren und einen durch die Entgiftung der Zellen verursachten Gewichtsverlust beinhalten.<br \/>Das Nahrungserg\u00e4nzungsmittel kann ein Mitglied enthalten, das aus der Gruppe ausgew\u00e4hlt ist, die aus einem Vitamin, Mineralstoff, Ballaststoff, Fetts\u00e4ure, Aminos\u00e4ure, Kraut, Kr\u00e4uterextrakt und Kombinationen davon besteht.<br \/>Die Zusammensetzung kann eine Verringerung des biologischen Alters gegen\u00fcber dem chronologischen Alter bewirken, wenn es anhand der Herzfrequenzvariabilit\u00e4t gemessen wird. Die Zusammensetzung kann durch die Entgiftung der Zirbeldr\u00fcse und durch die Erh\u00f6hung von Serotonin und Dopamin zu verbessertem Schlaf und verbesserten Tr\u00e4umen f\u00fchren. Die Zusammensetzung kann das Kollagen, das Haarwachstum, das Nagelwachstum und die Hauterneuerung verbessern. Die Zusammensetzung kann Stimmung und Angst verbessern, indem sie Dopamin, Serotonin und Noepenephrin erh\u00f6ht &#8230;<\/p>\t\t\t\t\t\t<\/div>\n\t\t\t\t<\/div>\n\t\t\t\t\t<\/div>\n\t\t<\/div>\n\t\t\t\t\t\t\t<\/div>\n\t\t<\/section>\n\t\t\t\t<section class=\"elementor-section elementor-top-section elementor-element elementor-element-6536cf4 elementor-section-boxed elementor-section-height-default elementor-section-height-default\" data-id=\"6536cf4\" data-element_type=\"section\">\n\t\t\t\t\t\t<div class=\"elementor-container elementor-column-gap-default\">\n\t\t\t\t\t<div class=\"elementor-column elementor-col-100 elementor-top-column elementor-element elementor-element-27e68a3\" data-id=\"27e68a3\" data-element_type=\"column\">\n\t\t\t<div class=\"elementor-widget-wrap elementor-element-populated\">\n\t\t\t\t\t\t\t\t<div class=\"elementor-element elementor-element-61509fb elementor-widget elementor-widget-spacer\" data-id=\"61509fb\" data-element_type=\"widget\" data-widget_type=\"spacer.default\">\n\t\t\t\t<div class=\"elementor-widget-container\">\n\t\t\t\t\t<div class=\"elementor-spacer\">\n\t\t\t<div class=\"elementor-spacer-inner\"><\/div>\n\t\t<\/div>\n\t\t\t\t<\/div>\n\t\t\t\t<\/div>\n\t\t\t\t\t<\/div>\n\t\t<\/div>\n\t\t\t\t\t\t\t<\/div>\n\t\t<\/section>\n\t\t\t\t<section class=\"elementor-section elementor-top-section elementor-element elementor-element-b7a675f elementor-section-boxed elementor-section-height-default elementor-section-height-default\" data-id=\"b7a675f\" data-element_type=\"section\">\n\t\t\t\t\t\t<div class=\"elementor-container elementor-column-gap-default\">\n\t\t\t\t\t<div class=\"elementor-column elementor-col-100 elementor-top-column elementor-element elementor-element-ef2616d\" data-id=\"ef2616d\" data-element_type=\"column\">\n\t\t\t<div class=\"elementor-widget-wrap elementor-element-populated\">\n\t\t\t\t\t\t\t\t<div class=\"elementor-element elementor-element-bfb61a8 elementor-widget elementor-widget-spacer\" data-id=\"bfb61a8\" data-element_type=\"widget\" data-widget_type=\"spacer.default\">\n\t\t\t\t<div class=\"elementor-widget-container\">\n\t\t\t\t\t<div class=\"elementor-spacer\">\n\t\t\t<div class=\"elementor-spacer-inner\"><\/div>\n\t\t<\/div>\n\t\t\t\t<\/div>\n\t\t\t\t<\/div>\n\t\t\t\t\t<\/div>\n\t\t<\/div>\n\t\t\t\t\t\t\t<\/div>\n\t\t<\/section>\n\t\t\t\t\t\t\t<\/div>\n\t\t","protected":false},"excerpt":{"rendered":"<p>K\u00f6rperliche Entgiftung ROOT WEBSEITE Die Zusammensetzung ist wirksam, um Tumorsuppressorgene in abnormalen Zellen zu regulieren. Die wasserl\u00f6slichen hydrolysierten Klinoptilolith-Fragmente k\u00f6nnen mit einem Ion komplexiert werden.Das Ion kann ein Metall enthalten.Das Metall kann ein Mitglied umfassen, das aus der Gruppe ausgew\u00e4hlt ist, die aus Natrium, Magnesium, Eisen, Kobalt, Kupfer, Zink, Mangan, Molybd\u00e4n, Selen und Kombinationen davon&hellip;&nbsp;<a href=\"https:\/\/energy-of-light.ch\/?page_id=10\" class=\"\" rel=\"bookmark\">Weiterlesen &raquo;<span class=\"screen-reader-text\">ENTGIFTUNG<\/span><\/a><\/p>\n","protected":false},"author":2,"featured_media":0,"parent":0,"menu_order":0,"comment_status":"closed","ping_status":"closed","template":"page-templates\/template-pagebuilder-full-width.php","meta":{"neve_meta_sidebar":"","neve_meta_container":"","neve_meta_enable_content_width":"","neve_meta_content_width":0,"neve_meta_title_alignment":"","neve_meta_author_avatar":"","neve_post_elements_order":"","neve_meta_disable_header":"","neve_meta_disable_footer":"","neve_meta_disable_title":"","footnotes":""},"class_list":["post-10","page","type-page","status-publish","hentry"],"_links":{"self":[{"href":"https:\/\/energy-of-light.ch\/index.php?rest_route=\/wp\/v2\/pages\/10","targetHints":{"allow":["GET"]}}],"collection":[{"href":"https:\/\/energy-of-light.ch\/index.php?rest_route=\/wp\/v2\/pages"}],"about":[{"href":"https:\/\/energy-of-light.ch\/index.php?rest_route=\/wp\/v2\/types\/page"}],"author":[{"embeddable":true,"href":"https:\/\/energy-of-light.ch\/index.php?rest_route=\/wp\/v2\/users\/2"}],"replies":[{"embeddable":true,"href":"https:\/\/energy-of-light.ch\/index.php?rest_route=%2Fwp%2Fv2%2Fcomments&post=10"}],"version-history":[{"count":174,"href":"https:\/\/energy-of-light.ch\/index.php?rest_route=\/wp\/v2\/pages\/10\/revisions"}],"predecessor-version":[{"id":967,"href":"https:\/\/energy-of-light.ch\/index.php?rest_route=\/wp\/v2\/pages\/10\/revisions\/967"}],"wp:attachment":[{"href":"https:\/\/energy-of-light.ch\/index.php?rest_route=%2Fwp%2Fv2%2Fmedia&parent=10"}],"curies":[{"name":"wp","href":"https:\/\/api.w.org\/{rel}","templated":true}]}}